{"id":1215,"date":"2024-05-14T14:43:58","date_gmt":"2024-05-14T12:43:58","guid":{"rendered":"https:\/\/paroisses-guidel.fr\/?page_id=1215"},"modified":"2025-06-02T18:44:41","modified_gmt":"2025-06-02T16:44:41","slug":"les-7-chapelles-en-art","status":"publish","type":"page","link":"https:\/\/paroisses-guidel.fr\/index.php\/les-7-chapelles-en-art\/","title":{"rendered":"Les 7 chapelles en Arts"},"content":{"rendered":"\n<p class=\"has-normal-font-size\" id=\"Festival-des-7-chapelles-en-Arts-2024-:-PROGRAMME\"><a href=\"#25\u00e8me-\u00e9dition-du-Festival-des-7-chapelles-en-Arts\" target=\"_blank\" rel=\"noreferrer noopener\">Festival des 7 chapelles en Arts 2025 : PROGRAMME<\/a><\/p>\n\n\n\n<p>En 1985, naissance du festival des \u00ab&nbsp;7 chapelles&nbsp;\u00bb sous l\u2019\u00e9gide du prince Louis de Polignac, de la pianiste Moura Lympany et de la ville de Guidel. Ce festival apporte une animation musicale de haute qualit\u00e9 dans chaque chapelle et une aide \u00e0 leurs associations.<\/p>\n\n\n\n<p>En 2000 se met en place le festival des \u00ab&nbsp;7 chapelles en Arts&nbsp;\u00bb, \u00e0 l\u2019instigation de l\u2019ensemble des associations de chapelles&nbsp;: \u00e0 c\u00f4t\u00e9 de celles qui s\u2019occupent du maintien des \u00e9difices et de l\u2019organisation annuelle du pardon, ce nouveau festival apporte, l\u2019\u00e9t\u00e9, une animation durable dont l\u2019un des objectifs est de faire conna\u00eetre ce patrimoine cultuel et culturel.<\/p>\n\n\n\n<p>L\u2019association des 7 Chapelles en Arts regroupe les comit\u00e9s des 7 chapelles de Guidel. Elle est dirig\u00e9e par un conseil d\u2019administration compos\u00e9 de 2 membres de chaque comit\u00e9 et de personnalit\u00e9s ext\u00e9rieures. Les objectifs de l\u2019association sont la pr\u00e9servation et l\u2019animation du patrimoine culturel et cultuel repr\u00e9sent\u00e9 par les \u00e9difices. A cet effet est organis\u00e9 un Festival de mi-juillet \u00e0 mi-ao\u00fbt qui comprend concerts, expositions et promenades culturelles. De plus l\u2019association organise au cours de l\u2019ann\u00e9e des animations humanitaires et culturelles.<\/p>\n\n\n\n<p class=\"has-text-align-center has-secondary-background-color has-background has-large-font-size\" id=\"25\u00e8me-\u00e9dition-du-Festival-des-7-chapelles-en-Arts\"><strong>26\u00e8me \u00e9dition du Festival des 7 chapelles en Arts<\/strong><\/p>\n\n\n\n<p class=\"has-text-align-center has-secondary-color has-text-color has-large-font-size\"><strong>du 14 juillet au 15 ao\u00fbt 2025<\/strong><\/p>\n\n\n\n<p>Cr\u00e9\u00e9 en 2000, le festival a connu diverses \u00e9volutions artistiques et autres. Ce sera le cas encore cette ann\u00e9e avec en particulier des manifestations programm\u00e9es \u00e0 18h00 (concert \u00e0 Saint Michel, les trois promenades\u2026) Mais l\u2019objectif demeure le m\u00eame : faire connaitre le patrimoine \u00e0 travers la musique et les arts plastiques dans leur diversit\u00e9.<\/p>\n\n\n\n<p><a href=\"https:\/\/7-chapelles-en-arts.e-monsite.com\/\" target=\"_blank\" rel=\"noreferrer noopener\">https:\/\/7-chapelles-en-arts.e-monsite.com\/<\/a> <\/p>\n\n\n\n<p><a href=\"https:\/\/www.billetweb.fr\/pro\/7-chapelles-en-arts\" target=\"_blank\" rel=\"noreferrer noopener\">https:\/\/www.billetweb.fr\/pro\/7-chapelles-en-arts<\/a><\/p>\n\n\n\n<div class=\"wp-block-columns is-layout-flex wp-container-core-columns-is-layout-28f84493 wp-block-columns-is-layout-flex\">\n<div class=\"wp-block-column is-layout-flow wp-block-column-is-layout-flow\" style=\"flex-basis:50%\">\n<p><strong>Jo\u00ebl Bienvenu, <\/strong><br>Pr\u00e9sident des \u00ab&nbsp;7 chapelles en Arts&nbsp;\u00bb <br><a href=\"tel:0297653512\" target=\"_blank\" rel=\"noreferrer noopener\">t\u00e9l : 02 97 65 35 12<\/a><\/p>\n<\/div>\n\n\n\n<div class=\"wp-block-column is-layout-flow wp-block-column-is-layout-flow\" style=\"flex-basis:50%\"><div class=\"wp-block-image is-style-rounded\">\n<figure class=\"aligncenter size-large is-resized\"><img loading=\"lazy\" decoding=\"async\" width=\"768\" height=\"1024\" src=\"https:\/\/paroisses-guidel.fr\/wp-content\/uploads\/2024\/05\/Joel-BIENVENU-768x1024.jpg\" alt=\"\" class=\"wp-image-1253\" style=\"width:169px;height:auto\" srcset=\"https:\/\/paroisses-guidel.fr\/wp-content\/uploads\/2024\/05\/Joel-BIENVENU-768x1024.jpg 768w, https:\/\/paroisses-guidel.fr\/wp-content\/uploads\/2024\/05\/Joel-BIENVENU-225x300.jpg 225w, https:\/\/paroisses-guidel.fr\/wp-content\/uploads\/2024\/05\/Joel-BIENVENU-1152x1536.jpg 1152w, https:\/\/paroisses-guidel.fr\/wp-content\/uploads\/2024\/05\/Joel-BIENVENU-1536x2048.jpg 1536w, https:\/\/paroisses-guidel.fr\/wp-content\/uploads\/2024\/05\/Joel-BIENVENU-1568x2091.jpg 1568w, https:\/\/paroisses-guidel.fr\/wp-content\/uploads\/2024\/05\/Joel-BIENVENU-scaled.jpg 1920w\" sizes=\"auto, (max-width: 768px) 100vw, 768px\" \/><\/figure>\n<\/div><\/div>\n<\/div>\n","protected":false},"excerpt":{"rendered":"<p>Festival des 7 chapelles en Arts 2025 : PROGRAMME En 1985, naissance du festival des \u00ab&nbsp;7 chapelles&nbsp;\u00bb sous l\u2019\u00e9gide du prince Louis de Polignac, de la pianiste Moura Lympany et de la ville de Guidel. Ce festival apporte une animation musicale de haute qualit\u00e9 dans chaque chapelle et une aide \u00e0 leurs associations. En 2000<a class=\"more-link\" href=\"https:\/\/paroisses-guidel.fr\/index.php\/les-7-chapelles-en-art\/\">Lire la suite <span class=\"screen-reader-text\">\u00ab\u00a0Les 7 chapelles en Arts\u00a0\u00bb<\/span><\/a><\/p>\n","protected":false},"author":1,"featured_media":0,"parent":0,"menu_order":0,"comment_status":"closed","ping_status":"closed","template":"","meta":{"iawp_total_views":195,"footnotes":""},"class_list":["post-1215","page","type-page","status-publish","hentry","entry"],"_links":{"self":[{"href":"https:\/\/paroisses-guidel.fr\/index.php\/wp-json\/wp\/v2\/pages\/1215","targetHints":{"allow":["GET"]}}],"collection":[{"href":"https:\/\/paroisses-guidel.fr\/index.php\/wp-json\/wp\/v2\/pages"}],"about":[{"href":"https:\/\/paroisses-guidel.fr\/index.php\/wp-json\/wp\/v2\/types\/page"}],"author":[{"embeddable":true,"href":"https:\/\/paroisses-guidel.fr\/index.php\/wp-json\/wp\/v2\/users\/1"}],"replies":[{"embeddable":true,"href":"https:\/\/paroisses-guidel.fr\/index.php\/wp-json\/wp\/v2\/comments?post=1215"}],"version-history":[{"count":35,"href":"https:\/\/paroisses-guidel.fr\/index.php\/wp-json\/wp\/v2\/pages\/1215\/revisions"}],"predecessor-version":[{"id":4183,"href":"https:\/\/paroisses-guidel.fr\/index.php\/wp-json\/wp\/v2\/pages\/1215\/revisions\/4183"}],"wp:attachment":[{"href":"https:\/\/paroisses-guidel.fr\/index.php\/wp-json\/wp\/v2\/media?parent=1215"}],"curies":[{"name":"wp","href":"https:\/\/api.w.org\/{rel}","templated":true}]}}

<p class="has-normal-font-size" id="Festival-des-7-chapelles-en-Arts-2024-:-PROGRAMME"><a href="#25ème-édition-du-Festival-des-7-chapelles-en-Arts" target="_blank" rel="noreferrer noopener">Festival des 7 chapelles en Arts 2025 : PROGRAMME</a></p>



<p>En 1985, naissance du festival des «&nbsp;7 chapelles&nbsp;» sous l’égide du prince Louis de Polignac, de la pianiste Moura Lympany et de la ville de Guidel. Ce festival apporte une animation musicale de haute qualité dans chaque chapelle et une aide à leurs associations.</p>



<p>En 2000 se met en place le festival des «&nbsp;7 chapelles en Arts&nbsp;», à l’instigation de l’ensemble des associations de chapelles&nbsp;: à côté de celles qui s’occupent du maintien des édifices et de l’organisation annuelle du pardon, ce nouveau festival apporte, l’été, une animation durable dont l’un des objectifs est de faire connaître ce patrimoine cultuel et culturel.</p>



<p>L’association des 7 Chapelles en Arts regroupe les comités des 7 chapelles de Guidel. Elle est dirigée par un conseil d’administration composé de 2 membres de chaque comité et de personnalités extérieures. Les objectifs de l’association sont la préservation et l’animation du patrimoine culturel et cultuel représenté par les édifices. A cet effet est organisé un Festival de mi-juillet à mi-août qui comprend concerts, expositions et promenades culturelles. De plus l’association organise au cours de l’année des animations humanitaires et culturelles.</p>



<p class="has-text-align-center has-secondary-background-color has-background has-large-font-size" id="25ème-édition-du-Festival-des-7-chapelles-en-Arts"><strong>26ème édition du Festival des 7 chapelles en Arts</strong></p>



<p class="has-text-align-center has-secondary-color has-text-color has-large-font-size"><strong>du 14 juillet au 15 août 2025</strong></p>



<p>Créé en 2000, le festival a connu diverses évolutions artistiques et autres. Ce sera le cas encore cette année avec en particulier des manifestations programmées à 18h00 (concert à Saint Michel, les trois promenades…) Mais l’objectif demeure le même : faire connaitre le patrimoine à travers la musique et les arts plastiques dans leur diversité.</p>



<p><a href="https://7-chapelles-en-arts.e-monsite.com/" target="_blank" rel="noreferrer noopener">https://7-chapelles-en-arts.e-monsite.com/</a> </p>



<p><a href="https://www.billetweb.fr/pro/7-chapelles-en-arts" target="_blank" rel="noreferrer noopener">https://www.billetweb.fr/pro/7-chapelles-en-arts</a></p>



<div class="wp-block-columns is-layout-flex wp-container-core-columns-is-layout-28f84493 wp-block-columns-is-layout-flex">
<div class="wp-block-column is-layout-flow wp-block-column-is-layout-flow" style="flex-basis:50%">
<p><strong>Joël Bienvenu, </strong><br>Président des «&nbsp;7 chapelles en Arts&nbsp;» <br><a href="tel:0297653512" target="_blank" rel="noreferrer noopener">tél : 02 97 65 35 12</a></p>
</div>



<div class="wp-block-column is-layout-flow wp-block-column-is-layout-flow" style="flex-basis:50%"><div class="wp-block-image is-style-rounded">
<figure class="aligncenter size-large is-resized"><img loading="lazy" decoding="async" width="768" height="1024" src="https://paroisses-guidel.fr/wp-content/uploads/2024/05/Joel-BIENVENU-768x1024.jpg" alt="" class="wp-image-1253" style="width:169px;height:auto" srcset="https://paroisses-guidel.fr/wp-content/uploads/2024/05/Joel-BIENVENU-768x1024.jpg 768w, https://paroisses-guidel.fr/wp-content/uploads/2024/05/Joel-BIENVENU-225x300.jpg 225w, https://paroisses-guidel.fr/wp-content/uploads/2024/05/Joel-BIENVENU-1152x1536.jpg 1152w, https://paroisses-guidel.fr/wp-content/uploads/2024/05/Joel-BIENVENU-1536x2048.jpg 1536w, https://paroisses-guidel.fr/wp-content/uploads/2024/05/Joel-BIENVENU-1568x2091.jpg 1568w, https://paroisses-guidel.fr/wp-content/uploads/2024/05/Joel-BIENVENU-scaled.jpg 1920w" sizes="auto, (max-width: 768px) 100vw, 768px" /></figure>
</div></div>
</div>

<p>Festival des 7 chapelles en Arts 2025 : PROGRAMME En 1985, naissance du festival des «&nbsp;7 chapelles&nbsp;» sous l’égide du prince Louis de Polignac, de la pianiste Moura Lympany et de la ville de Guidel. Ce festival apporte une animation musicale de haute qualité dans chaque chapelle et une aide à leurs associations. En 2000<a class="more-link" href="https://paroisses-guidel.fr/index.php/les-7-chapelles-en-art/">Lire la suite <span class="screen-reader-text">« Les 7 chapelles en Arts »</span></a></p>
