{"id":160,"date":"2024-03-25T11:55:23","date_gmt":"2024-03-25T10:55:23","guid":{"rendered":"https:\/\/paroisses-guidel.fr\/?page_id=160"},"modified":"2025-09-12T11:29:07","modified_gmt":"2025-09-12T09:29:07","slug":"catechese","status":"publish","type":"page","link":"https:\/\/paroisses-guidel.fr\/index.php\/catechese\/","title":{"rendered":"Cat\u00e9ch\u00e8se"},"content":{"rendered":"\n<p class=\"has-text-align-center has-primary-color has-text-color has-link-color has-large-font-size wp-elements-703ea019579f71aabc4c133e44c64515\"><em><strong>\u00ab Pour que la g\u00e9n\u00e9ration \u00e0 venir Le connaisse&nbsp;\u00bb<\/strong><\/em><\/p>\n\n\n\n<p class=\"has-text-align-right has-primary-color has-text-color has-link-color has-normal-font-size wp-elements-c65e163d8a2582b4e6de209c94b17466\">Ps 77, 6<\/p>\n\n\n\n<p><em>Telle est la devise de Monseigneur Raymond Cent\u00e8ne, \u00e9v\u00eaque de Vannes. Tel est l\u2019enjeu de l\u2019annonce de la foi chr\u00e9tienne \u00e0 nos jeunes&nbsp;!<\/em><\/p>\n\n\n\n<p><em>Pour que le monde ne sombre pas dans le mat\u00e9rialisme et dans la d\u00e9sesp\u00e9rance, l\u2019annonce de la Bonne Nouvelle de J\u00e9sus Sauveur est essentielle. Dieu nous aime et, en J\u00e9sus, mort et ressuscit\u00e9, Il nous a sauv\u00e9s. Son Esprit nous le fait conna\u00eetre et allume dans nos c\u0153urs une flamme appel\u00e9e \u00e0 \u00eatre partag\u00e9e.<\/em><\/p>\n\n\n\n<p>Bienvenue \u00e0 vous parents qui accompagnez vos enfants dans leur croissance spirituelle&nbsp;! Votre r\u00f4le est irrempla\u00e7able. Vous \u00eates les premiers \u00e9ducateurs de la foi de vos enfants.<\/p>\n\n\n\n<p>Vous trouverez la proposition cat\u00e9ch\u00e9tique 2025\/2026 de nos paroisses de Guidel et Gestel avec les documents ci-apr\u00e8s.<\/p>\n\n\n\n<p class=\"has-primary-background-color has-background\" style=\"padding-top:0;padding-bottom:0;line-height:1.5\"><strong>COLLEGE &#8211; Ann\u00e9e 2025 \/ 2026<\/strong><\/p>\n\n\n\n<div class=\"wp-block-buttons is-content-justification-center is-layout-flex wp-container-core-buttons-is-layout-a89b3969 wp-block-buttons-is-layout-flex\">\n<div class=\"wp-block-button\"><a class=\"wp-block-button__link wp-element-button\" href=\"https:\/\/www.dropbox.com\/scl\/fi\/sgkk28fd1fmxx2pz894j5\/2025-09-Courrier-parents-coll-giens-6-me-V4.pdf?rlkey=hdzbfqxloak2gq2rkltcylv7v&amp;dl=0\">Courrier aux parents de coll\u00e9gien(ne)s 6\u00e8me<\/a><\/div>\n<\/div>\n\n\n\n<div class=\"wp-block-buttons is-content-justification-center is-layout-flex wp-container-core-buttons-is-layout-a89b3969 wp-block-buttons-is-layout-flex\">\n<div class=\"wp-block-button\"><a class=\"wp-block-button__link wp-element-button\" href=\"https:\/\/www.dropbox.com\/scl\/fi\/73pe5v62q2suwsfi30jjv\/2025-09-Courrier-parents-coll-giens-5-4-3-me-V4.pdf?rlkey=i3qnpbtixwnciy1l40ukq8aci&amp;dl=0\">Courrier aux parents de coll\u00e9gien(nes) 5\u00e8me, 4\u00e8me, 3\u00e8me<\/a><\/div>\n<\/div>\n\n\n\n<div class=\"wp-block-buttons is-content-justification-center is-layout-flex wp-container-core-buttons-is-layout-a89b3969 wp-block-buttons-is-layout-flex\">\n<div class=\"wp-block-button\"><a class=\"wp-block-button__link has-text-align-center wp-element-button\" href=\"https:\/\/www.dropbox.com\/scl\/fi\/ry8124ku6unvqajo6dts4\/2025-2026_Fiche_autorisation_parentale_sanitaire_KT_Coll-ge.pdf?rlkey=45fnhnjs4yviru9mp0tdf9g6n&amp;dl=0\" target=\"_blank\" rel=\"noreferrer noopener\">Fiche autorisation parentale et sanitaire<\/a><\/div>\n<\/div>\n\n\n\n<p class=\"has-very-light-gray-to-cyan-bluish-gray-gradient-background has-background\" style=\"line-height:1.5\">Un dossier <strong>KT COLLEGE<\/strong> complet, c&rsquo;est :<br>> La fiche d&rsquo;inscription compl\u00e9t\u00e9e en ligne sur le pr\u00e9sent site (ci-dessous) avec la photo de l&rsquo;enfant.<br>> Le r\u00e8glement de 60 \u20ac pour 1 enfant cat\u00e9chis\u00e9 ; Pour 2 enfants cat\u00e9chis\u00e9s ou plus par famille : 45\u20ac par enfant, prioritairement par carte bancaire ou par ch\u00e8que \u00e0 l\u2019ordre de \u201cAssociation Dioc\u00e9saine de Vannes \u2013 Paroisse de Guidel\u201d.<br>> La fiche d&rsquo;autorisation parentale et sanitaire compl\u00e9t\u00e9e.<br>> Le certificat de bapt\u00eame de l&rsquo;enfant pour une 1\u00e8re inscription au KT Coll\u00e8ge.<\/p>\n\n\n\n<div class=\"wp-block-buttons is-content-justification-center is-layout-flex wp-container-core-buttons-is-layout-a89b3969 wp-block-buttons-is-layout-flex\">\n<div class=\"wp-block-button\"><a class=\"wp-block-button__link wp-element-button\" href=\"https:\/\/w.enoria.link\/kt-college2025\" target=\"_blank\" rel=\"noreferrer noopener\">Inscription KT COLLEGE<\/a><\/div>\n<\/div>\n\n\n\n<p class=\"has-text-align-left has-background-color has-secondary-background-color has-text-color has-background has-link-color wp-elements-554bbfbe6a1f646b4d37f62a3a703355\" style=\"padding-top:0;padding-right:var(--wp--preset--spacing--40);padding-bottom:0;padding-left:var(--wp--preset--spacing--40)\"><strong>PRIMAIRE &#8211; Ann\u00e9e 2025 \/ 2026<\/strong><\/p>\n\n\n\n<div class=\"wp-block-buttons is-content-justification-center is-layout-flex wp-container-core-buttons-is-layout-a89b3969 wp-block-buttons-is-layout-flex\">\n<div class=\"wp-block-button\"><a class=\"wp-block-button__link has-secondary-background-color has-background wp-element-button\" href=\"https:\/\/www.dropbox.com\/scl\/fi\/3db8okhjj2f0i20irtb91\/2025-09-Courrier-parents-Primaires-NDV-NDF-V3-002.pdf?rlkey=ligytt4xgsd9o5sqoxlsix7lh&amp;dl=0\">Courrier aux parents d&rsquo;enfants scolaris\u00e9s \u00e0 Notre Dame des Victoires (Guidel) ou Notre Dame des Fleurs (Gestel)<\/a><\/div>\n<\/div>\n\n\n\n<div class=\"wp-block-buttons is-content-justification-center is-layout-flex wp-container-core-buttons-is-layout-a89b3969 wp-block-buttons-is-layout-flex\">\n<div class=\"wp-block-button\"><a class=\"wp-block-button__link has-secondary-background-color has-background wp-element-button\" href=\"https:\/\/www.dropbox.com\/scl\/fi\/k85ay568a3hfl1p26he82\/2025-09-Courrier-parents-Primaires-public.pdf?rlkey=u73ey7dkkssrafw1liclsbxy3&amp;dl=0\">Courrier aux parents d&rsquo;enfants scolaris\u00e9s dans l&rsquo;enseignement public<\/a><\/div>\n<\/div>\n\n\n\n<div class=\"wp-block-buttons is-content-justification-center is-layout-flex wp-container-core-buttons-is-layout-a89b3969 wp-block-buttons-is-layout-flex\">\n<div class=\"wp-block-button\"><a class=\"wp-block-button__link has-secondary-background-color has-background wp-element-button\" href=\"https:\/\/www.dropbox.com\/scl\/fi\/pmm5911c450c4glng95fh\/20082025-Consentement-pour-le-droit-l-image.docx?rlkey=cfg5ky68u5wd392vnfr9bi0ji&amp;dl=0\">Fiche de consentement pour le droit \u00e0 l&rsquo;image<\/a><\/div>\n<\/div>\n\n\n\n<p class=\"has-text-align-left has-foreground-color has-very-light-gray-to-cyan-bluish-gray-gradient-background has-text-color has-background has-link-color wp-elements-7a5d3aacb53215914e5687102f5c1104\" style=\"padding-right:var(--wp--preset--spacing--40);padding-left:var(--wp--preset--spacing--40)\">Un dossier<strong> KT PRIMAIRE<\/strong> complet, c&rsquo;est :<br>> La fiche d&rsquo;inscription compl\u00e9t\u00e9e en ligne sur le pr\u00e9sent site (ci-dessous) avec la photo de l&rsquo;enfant.<br>> Le r\u00e8glement de 40 \u20ac par enfant pour la 1\u00e8re ann\u00e9e, de 60 \u20ac par enfant pour la 2\u00e8me ann\u00e9e (45 \u20ac par enfant d\u00e8s le 2\u00e8me enfant cat\u00e9chis\u00e9) en esp\u00e8ces ou par ch\u00e8que \u00e0 l&rsquo;ordre de \u00ab\u00a0Paroisse de Guidel\u00a0\u00bb.<br>> Le certificat de bapt\u00eame de l&rsquo;enfant pour la 1\u00e8re inscription.<br>> La fiche relative au consentement pour le droit \u00e0 l&rsquo;image d\u00fbment compl\u00e9t\u00e9e.<\/p>\n\n\n\n<div class=\"wp-block-buttons is-content-justification-center is-layout-flex wp-container-core-buttons-is-layout-a89b3969 wp-block-buttons-is-layout-flex\">\n<div class=\"wp-block-button\"><a class=\"wp-block-button__link has-secondary-background-color has-background wp-element-button\" href=\"https:\/\/w.enoria.link\/kt-primaire\">Inscription KT PRIMAIRE<\/a><\/div>\n<\/div>\n\n\n\n<div class=\"wp-block-columns is-layout-flex wp-container-core-columns-is-layout-28f84493 wp-block-columns-is-layout-flex\">\n<div class=\"wp-block-column is-layout-flow wp-block-column-is-layout-flow\" style=\"flex-basis:50%\">\n<p>Renseignements et coordination du parcours&nbsp;: <strong>Marcelle Le Bihan <\/strong><br><a href=\"mailto:marcellelebihan.ktguidel@gmail.com\" target=\"_blank\" rel=\"noreferrer noopener\">marcellelebihan.ktguidel@gmail.com<\/a><br><a href=\"tel:0625995182\">06 25 99 51 82<\/a><br><\/p>\n\n\n\n<p><\/p>\n<\/div>\n\n\n\n<div class=\"wp-block-column is-layout-flow wp-block-column-is-layout-flow\" style=\"flex-basis:50%\">\n<figure class=\"wp-block-image size-large is-resized is-style-rounded\"><img loading=\"lazy\" decoding=\"async\" width=\"828\" height=\"1024\" src=\"https:\/\/paroisses-guidel.fr\/wp-content\/uploads\/2024\/06\/Marcelle-LE-BIHAN-13-06-24-828x1024.jpg\" alt=\"\" class=\"wp-image-2197\" style=\"width:169px;height:auto\" srcset=\"https:\/\/paroisses-guidel.fr\/wp-content\/uploads\/2024\/06\/Marcelle-LE-BIHAN-13-06-24-828x1024.jpg 828w, https:\/\/paroisses-guidel.fr\/wp-content\/uploads\/2024\/06\/Marcelle-LE-BIHAN-13-06-24-243x300.jpg 243w, https:\/\/paroisses-guidel.fr\/wp-content\/uploads\/2024\/06\/Marcelle-LE-BIHAN-13-06-24-768x949.jpg 768w, https:\/\/paroisses-guidel.fr\/wp-content\/uploads\/2024\/06\/Marcelle-LE-BIHAN-13-06-24-1242x1536.jpg 1242w, https:\/\/paroisses-guidel.fr\/wp-content\/uploads\/2024\/06\/Marcelle-LE-BIHAN-13-06-24-1657x2048.jpg 1657w, https:\/\/paroisses-guidel.fr\/wp-content\/uploads\/2024\/06\/Marcelle-LE-BIHAN-13-06-24-1568x1938.jpg 1568w\" sizes=\"auto, (max-width: 828px) 100vw, 828px\" \/><\/figure>\n<\/div>\n<\/div>\n","protected":false},"excerpt":{"rendered":"<p>\u00ab Pour que la g\u00e9n\u00e9ration \u00e0 venir Le connaisse&nbsp;\u00bb Ps 77, 6 Telle est la devise de Monseigneur Raymond Cent\u00e8ne, \u00e9v\u00eaque de Vannes. Tel est l\u2019enjeu de l\u2019annonce de la foi chr\u00e9tienne \u00e0 nos jeunes&nbsp;! Pour que le monde ne sombre pas dans le mat\u00e9rialisme et dans la d\u00e9sesp\u00e9rance, l\u2019annonce de la Bonne Nouvelle de<a class=\"more-link\" href=\"https:\/\/paroisses-guidel.fr\/index.php\/catechese\/\">Lire la suite <span class=\"screen-reader-text\">\u00ab\u00a0Cat\u00e9ch\u00e8se\u00a0\u00bb<\/span><\/a><\/p>\n","protected":false},"author":1,"featured_media":0,"parent":0,"menu_order":0,"comment_status":"closed","ping_status":"closed","template":"","meta":{"iawp_total_views":1070,"footnotes":""},"class_list":["post-160","page","type-page","status-publish","hentry","entry"],"_links":{"self":[{"href":"https:\/\/paroisses-guidel.fr\/index.php\/wp-json\/wp\/v2\/pages\/160","targetHints":{"allow":["GET"]}}],"collection":[{"href":"https:\/\/paroisses-guidel.fr\/index.php\/wp-json\/wp\/v2\/pages"}],"about":[{"href":"https:\/\/paroisses-guidel.fr\/index.php\/wp-json\/wp\/v2\/types\/page"}],"author":[{"embeddable":true,"href":"https:\/\/paroisses-guidel.fr\/index.php\/wp-json\/wp\/v2\/users\/1"}],"replies":[{"embeddable":true,"href":"https:\/\/paroisses-guidel.fr\/index.php\/wp-json\/wp\/v2\/comments?post=160"}],"version-history":[{"count":160,"href":"https:\/\/paroisses-guidel.fr\/index.php\/wp-json\/wp\/v2\/pages\/160\/revisions"}],"predecessor-version":[{"id":4955,"href":"https:\/\/paroisses-guidel.fr\/index.php\/wp-json\/wp\/v2\/pages\/160\/revisions\/4955"}],"wp:attachment":[{"href":"https:\/\/paroisses-guidel.fr\/index.php\/wp-json\/wp\/v2\/media?parent=160"}],"curies":[{"name":"wp","href":"https:\/\/api.w.org\/{rel}","templated":true}]}}