{"id":170,"date":"2024-03-25T12:00:53","date_gmt":"2024-03-25T11:00:53","guid":{"rendered":"https:\/\/paroisses-guidel.fr\/?page_id=170"},"modified":"2024-11-20T19:46:09","modified_gmt":"2024-11-20T18:46:09","slug":"secours-catholique","status":"publish","type":"page","link":"https:\/\/paroisses-guidel.fr\/index.php\/secours-catholique\/","title":{"rendered":"Secours catholique"},"content":{"rendered":"\n<figure class=\"wp-block-image size-full\"><img loading=\"lazy\" decoding=\"async\" width=\"317\" height=\"130\" src=\"https:\/\/paroisses-guidel.fr\/wp-content\/uploads\/2024\/04\/image-7.png\" alt=\"\" class=\"wp-image-1058\" srcset=\"https:\/\/paroisses-guidel.fr\/wp-content\/uploads\/2024\/04\/image-7.png 317w, https:\/\/paroisses-guidel.fr\/wp-content\/uploads\/2024\/04\/image-7-300x123.png 300w\" sizes=\"auto, (max-width: 317px) 100vw, 317px\" \/><\/figure>\n\n\n\n<p>Le Secours catholique constate une baisse importante du niveau de vie des personnes re\u00e7ues et en particulier pour les femmes et les enfants. Il accueille en France plus de 1 million de personnes dont 57% de femmes. 25% des personnes re\u00e7ues n\u2019ont aucun revenu et les autres ont en moyenne 555 \u20ac par mois pour vivre, une somme tr\u00e8s en dessous du seuil de pauvret\u00e9 de 1215 \u20ac. Dans le Morbihan, pr\u00e8s de 900 b\u00e9n\u00e9voles r\u00e9partis en 36 \u00e9quipes locales font vivre les lieux d\u2019accueil et accompagnent pr\u00e8s de 4500 personnes en pr\u00e9carit\u00e9, en lien \u00e9troit avec les services sociaux et les institutions.<\/p>\n\n\n\n<div class=\"wp-block-columns is-layout-flex wp-container-core-columns-is-layout-28f84493 wp-block-columns-is-layout-flex\">\n<div class=\"wp-block-column is-layout-flow wp-block-column-is-layout-flow\" style=\"flex-basis:50%\">\n<p>A Guidel, l\u2019\u00e9quipe du secours catholique est constitu\u00e9e de 28 b\u00e9n\u00e9voles. Elle a pour principale activit\u00e9 la gestion de la boutique solidaire de v\u00eatements \u00ab\u00a0<em>C\u0153ur de Fripes<\/em>\u00a0\u00bb situ\u00e9e 16 rue de capitaine Quillien \u00e0 Guidel.<\/p>\n<\/div>\n\n\n\n<div class=\"wp-block-column is-layout-flow wp-block-column-is-layout-flow\" style=\"flex-basis:50%\">\n<figure class=\"wp-block-image size-large\"><img loading=\"lazy\" decoding=\"async\" width=\"1024\" height=\"768\" src=\"https:\/\/paroisses-guidel.fr\/wp-content\/uploads\/2024\/04\/WhatsApp-Image-2024-04-25-a-13.50.35_42dfc0a5-1024x768.jpg\" alt=\"\" class=\"wp-image-1076\" srcset=\"https:\/\/paroisses-guidel.fr\/wp-content\/uploads\/2024\/04\/WhatsApp-Image-2024-04-25-a-13.50.35_42dfc0a5-1024x768.jpg 1024w, https:\/\/paroisses-guidel.fr\/wp-content\/uploads\/2024\/04\/WhatsApp-Image-2024-04-25-a-13.50.35_42dfc0a5-300x225.jpg 300w, https:\/\/paroisses-guidel.fr\/wp-content\/uploads\/2024\/04\/WhatsApp-Image-2024-04-25-a-13.50.35_42dfc0a5-768x576.jpg 768w, https:\/\/paroisses-guidel.fr\/wp-content\/uploads\/2024\/04\/WhatsApp-Image-2024-04-25-a-13.50.35_42dfc0a5-1536x1152.jpg 1536w, https:\/\/paroisses-guidel.fr\/wp-content\/uploads\/2024\/04\/WhatsApp-Image-2024-04-25-a-13.50.35_42dfc0a5-1568x1176.jpg 1568w, https:\/\/paroisses-guidel.fr\/wp-content\/uploads\/2024\/04\/WhatsApp-Image-2024-04-25-a-13.50.35_42dfc0a5.jpg 1600w\" sizes=\"auto, (max-width: 1024px) 100vw, 1024px\" \/><\/figure>\n<\/div>\n<\/div>\n\n\n\n<p>Une boutique solidaire du secours catholique, c\u2019est d\u2019abord un lieu d\u2019accueil et de convivialit\u00e9 et aussi bien s\u00fbr un lieu de vente solidaire :<\/p>\n\n\n\n<ul class=\"wp-block-list\">\n<li><strong>Un espace de rencontres, d\u2019informations et d\u2019\u00e9changes <\/strong>pour des donateurs, des b\u00e9n\u00e9voles, des visiteurs, des partenaires avec la \u00ab&nbsp;table de convivialit\u00e9&nbsp;\u00bb.<\/li>\n\n\n\n<li><strong>Un point de vente \u00e0 un prix solidaire <\/strong>pour s\u2019habiller de mani\u00e8re sympa et pas cher.<\/li>\n\n\n\n<li><strong>Un lieu d\u2019entraide ou d\u2019activit\u00e9s solidaires <\/strong>pour mieux vivre au quotidien, un r\u00e9seau d\u2019\u00e9change de pratique, une coop\u00e9rative d\u2019entraide\u2026pour renforcer le lien social.<\/li>\n\n\n\n<li><strong>Un projet de d\u00e9veloppement durable<\/strong>, projet \u00e9cologique favorisant le recyclage des v\u00eatements, projet \u00e9conomique de vente solidaire, projet social par le d\u00e9veloppement d\u2019un espace de rencontre et d\u2019entraide solidaire<strong>.<\/strong><\/li>\n<\/ul>\n\n\n\n<div class=\"wp-block-columns is-layout-flex wp-container-core-columns-is-layout-28f84493 wp-block-columns-is-layout-flex\">\n<div class=\"wp-block-column is-layout-flow wp-block-column-is-layout-flow\" style=\"flex-basis:50%\">\n<p><\/p>\n\n\n<div class=\"wp-block-image\">\n<figure class=\"aligncenter size-large\"><img loading=\"lazy\" decoding=\"async\" width=\"1024\" height=\"768\" src=\"https:\/\/paroisses-guidel.fr\/wp-content\/uploads\/2024\/04\/WhatsApp-Image-2024-04-25-a-13.50.35_30ad4068-1024x768.jpg\" alt=\"\" class=\"wp-image-1079\" srcset=\"https:\/\/paroisses-guidel.fr\/wp-content\/uploads\/2024\/04\/WhatsApp-Image-2024-04-25-a-13.50.35_30ad4068-1024x768.jpg 1024w, https:\/\/paroisses-guidel.fr\/wp-content\/uploads\/2024\/04\/WhatsApp-Image-2024-04-25-a-13.50.35_30ad4068-300x225.jpg 300w, https:\/\/paroisses-guidel.fr\/wp-content\/uploads\/2024\/04\/WhatsApp-Image-2024-04-25-a-13.50.35_30ad4068-768x576.jpg 768w, https:\/\/paroisses-guidel.fr\/wp-content\/uploads\/2024\/04\/WhatsApp-Image-2024-04-25-a-13.50.35_30ad4068-1536x1152.jpg 1536w, https:\/\/paroisses-guidel.fr\/wp-content\/uploads\/2024\/04\/WhatsApp-Image-2024-04-25-a-13.50.35_30ad4068-1568x1176.jpg 1568w, https:\/\/paroisses-guidel.fr\/wp-content\/uploads\/2024\/04\/WhatsApp-Image-2024-04-25-a-13.50.35_30ad4068.jpg 1600w\" sizes=\"auto, (max-width: 1024px) 100vw, 1024px\" \/><\/figure>\n<\/div><\/div>\n\n\n\n<div class=\"wp-block-column is-layout-flow wp-block-column-is-layout-flow\" style=\"flex-basis:50%\"><div class=\"wp-block-image\">\n<figure class=\"aligncenter size-large is-resized\"><img loading=\"lazy\" decoding=\"async\" width=\"768\" height=\"1024\" src=\"https:\/\/paroisses-guidel.fr\/wp-content\/uploads\/2024\/04\/WhatsApp-Image-2024-04-25-a-13.50.35_800be352-768x1024.jpg\" alt=\"\" class=\"wp-image-1078\" style=\"width:267px;height:auto\" srcset=\"https:\/\/paroisses-guidel.fr\/wp-content\/uploads\/2024\/04\/WhatsApp-Image-2024-04-25-a-13.50.35_800be352-768x1024.jpg 768w, https:\/\/paroisses-guidel.fr\/wp-content\/uploads\/2024\/04\/WhatsApp-Image-2024-04-25-a-13.50.35_800be352-225x300.jpg 225w, https:\/\/paroisses-guidel.fr\/wp-content\/uploads\/2024\/04\/WhatsApp-Image-2024-04-25-a-13.50.35_800be352-1152x1536.jpg 1152w, https:\/\/paroisses-guidel.fr\/wp-content\/uploads\/2024\/04\/WhatsApp-Image-2024-04-25-a-13.50.35_800be352.jpg 1200w\" sizes=\"auto, (max-width: 768px) 100vw, 768px\" \/><\/figure>\n<\/div><\/div>\n<\/div>\n\n\n\n<p>Les v\u00eatements que nous proposons sont tous issus de dons et font l\u2019objet d\u2019un tri pr\u00e9alable. Nous partageons cette ressource avec diverses associations, <em>Lorient Solidarit\u00e9<\/em>, <em>Emma\u00fcs<\/em>, <em>Les Restos du c\u0153ur b\u00e9b\u00e9s<\/em>. Nous acceptons les dons de v\u00eatements propres et en bon \u00e9tat, un coffre est \u00e0 disposition \u00e0 l\u2019ext\u00e9rieur de la boutique, mais les d\u00e9p\u00f4ts se font de pr\u00e9f\u00e9rence aux heures d\u2019ouverture.<\/p>\n\n\n\n<p><strong>Nous accueillons nos visiteurs les mardis et jeudis de 14h30 \u00e0 17h30 et le deuxi\u00e8me samedi du mois de 10h00 \u00e0 12h30 et de 14h30 \u00e0 17h30. La boutique est ferm\u00e9e les jours f\u00e9ri\u00e9s et du 1<sup>er<\/sup> au 20 ao\u00fbt.<\/strong><\/p>\n\n\n\n<p>L\u2019espace de vente est uniquement au rez-de-chauss\u00e9e, l\u2019\u00e9tage \u00e9tant r\u00e9serv\u00e9 au stock et \u00e0 un bureau am\u00e9nag\u00e9 pour des entretiens confidentiels.<\/p>\n\n\n\n<p>L\u2019\u00e9quipe du secours catholique a \u00e0 c\u0153ur d\u2019<strong>accueillir <\/strong>chaque personne qui se pr\u00e9sente, de l\u2019<strong>\u00e9couter <\/strong>et, \u00e9ventuellement, de lui <strong>apporter l\u2019aide<\/strong> dont elle peut avoir besoin. Pour ce faire il est possible de monter des dossiers d\u2019aide ou de microcr\u00e9dit.<\/p>\n\n\n\n<p>Tous les premiers lundis du mois, les personnes qui le souhaitent sont invit\u00e9es au Caf\u00e9 sourire, \u00e0 la salle paroissiale Polignac (rue J.P. Calloch) de 14h00 \u00e0 16h00 pour des jeux de soci\u00e9t\u00e9 et un go\u00fbter dans une ambiance conviviale.<\/p>\n\n\n\n<p>D\u2019autres activit\u00e9s ont lieu ponctuellement, comme cette ann\u00e9e, un repas-cr\u00eapes en projet pour le mois de juin, un repas est pr\u00e9vu pour le No\u00ebl des enfants en d\u00e9cembre.<\/p>\n\n\n\n<p><\/p>\n\n\n\n<div class=\"wp-block-columns is-layout-flex wp-container-core-columns-is-layout-28f84493 wp-block-columns-is-layout-flex\">\n<div class=\"wp-block-column is-layout-flow wp-block-column-is-layout-flow\" style=\"flex-basis:50%\">\n<p class=\"has-foreground-color has-text-color has-link-color wp-elements-28f77b39e0c0114dd9be5e09ba1fac7e\">Contacts &nbsp;:<\/p>\n\n\n\n<p class=\"has-primary-color has-text-color has-link-color wp-elements-ee28a4f3fad0dada722bfc4f46e53be3\"><strong>Marie-Andr\u00e9e Guyot <\/strong><br><a href=\"tel:0608819184\" target=\"_blank\" rel=\"noreferrer noopener\">06 08 81 91 84<\/a><br><a href=\"mailto:equipe.guidel.560@secours-catholique.org\" target=\"_blank\" rel=\"noreferrer noopener\">equipe.guidel.560@secours-catholique.org<\/a><\/p>\n\n\n\n<p><a href=\"https:\/\/morbihan.secours-catholique.org\/\" target=\"_blank\" rel=\"noreferrer noopener\">Secours catholique en Morbihan<\/a><\/p>\n<\/div>\n\n\n\n<div class=\"wp-block-column is-layout-flow wp-block-column-is-layout-flow\" style=\"flex-basis:50%\">\n<figure class=\"wp-block-image size-full is-resized is-style-rounded\"><img loading=\"lazy\" decoding=\"async\" width=\"769\" height=\"1024\" src=\"https:\/\/paroisses-guidel.fr\/wp-content\/uploads\/2024\/04\/Marie-Andree-GUYOT.jpg\" alt=\"\" class=\"wp-image-879\" style=\"width:173px;height:auto\" srcset=\"https:\/\/paroisses-guidel.fr\/wp-content\/uploads\/2024\/04\/Marie-Andree-GUYOT.jpg 769w, https:\/\/paroisses-guidel.fr\/wp-content\/uploads\/2024\/04\/Marie-Andree-GUYOT-225x300.jpg 225w\" sizes=\"auto, (max-width: 769px) 100vw, 769px\" \/><\/figure>\n<\/div>\n<\/div>\n\n\n\n<p><\/p>\n","protected":false},"excerpt":{"rendered":"<p>Le Secours catholique constate une baisse importante du niveau de vie des personnes re\u00e7ues et en particulier pour les femmes et les enfants. Il accueille en France plus de 1 million de personnes dont 57% de femmes. 25% des personnes re\u00e7ues n\u2019ont aucun revenu et les autres ont en moyenne 555 \u20ac par mois pour<a class=\"more-link\" href=\"https:\/\/paroisses-guidel.fr\/index.php\/secours-catholique\/\">Lire la suite <span class=\"screen-reader-text\">\u00ab\u00a0Secours catholique\u00a0\u00bb<\/span><\/a><\/p>\n","protected":false},"author":1,"featured_media":0,"parent":0,"menu_order":0,"comment_status":"closed","ping_status":"closed","template":"","meta":{"iawp_total_views":279,"footnotes":""},"class_list":["post-170","page","type-page","status-publish","hentry","entry"],"_links":{"self":[{"href":"https:\/\/paroisses-guidel.fr\/index.php\/wp-json\/wp\/v2\/pages\/170","targetHints":{"allow":["GET"]}}],"collection":[{"href":"https:\/\/paroisses-guidel.fr\/index.php\/wp-json\/wp\/v2\/pages"}],"about":[{"href":"https:\/\/paroisses-guidel.fr\/index.php\/wp-json\/wp\/v2\/types\/page"}],"author":[{"embeddable":true,"href":"https:\/\/paroisses-guidel.fr\/index.php\/wp-json\/wp\/v2\/users\/1"}],"replies":[{"embeddable":true,"href":"https:\/\/paroisses-guidel.fr\/index.php\/wp-json\/wp\/v2\/comments?post=170"}],"version-history":[{"count":11,"href":"https:\/\/paroisses-guidel.fr\/index.php\/wp-json\/wp\/v2\/pages\/170\/revisions"}],"predecessor-version":[{"id":3095,"href":"https:\/\/paroisses-guidel.fr\/index.php\/wp-json\/wp\/v2\/pages\/170\/revisions\/3095"}],"wp:attachment":[{"href":"https:\/\/paroisses-guidel.fr\/index.php\/wp-json\/wp\/v2\/media?parent=170"}],"curies":[{"name":"wp","href":"https:\/\/api.w.org\/{rel}","templated":true}]}}

<figure class="wp-block-image size-full"><img loading="lazy" decoding="async" width="317" height="130" src="https://paroisses-guidel.fr/wp-content/uploads/2024/04/image-7.png" alt="" class="wp-image-1058" srcset="https://paroisses-guidel.fr/wp-content/uploads/2024/04/image-7.png 317w, https://paroisses-guidel.fr/wp-content/uploads/2024/04/image-7-300x123.png 300w" sizes="auto, (max-width: 317px) 100vw, 317px" /></figure>



<p>Le Secours catholique constate une baisse importante du niveau de vie des personnes reçues et en particulier pour les femmes et les enfants. Il accueille en France plus de 1 million de personnes dont 57% de femmes. 25% des personnes reçues n’ont aucun revenu et les autres ont en moyenne 555 € par mois pour vivre, une somme très en dessous du seuil de pauvreté de 1215 €. Dans le Morbihan, près de 900 bénévoles répartis en 36 équipes locales font vivre les lieux d’accueil et accompagnent près de 4500 personnes en précarité, en lien étroit avec les services sociaux et les institutions.</p>



<div class="wp-block-columns is-layout-flex wp-container-core-columns-is-layout-28f84493 wp-block-columns-is-layout-flex">
<div class="wp-block-column is-layout-flow wp-block-column-is-layout-flow" style="flex-basis:50%">
<p>A Guidel, l’équipe du secours catholique est constituée de 28 bénévoles. Elle a pour principale activité la gestion de la boutique solidaire de vêtements « <em>Cœur de Fripes</em> » située 16 rue de capitaine Quillien à Guidel.</p>
</div>



<div class="wp-block-column is-layout-flow wp-block-column-is-layout-flow" style="flex-basis:50%">
<figure class="wp-block-image size-large"><img loading="lazy" decoding="async" width="1024" height="768" src="https://paroisses-guidel.fr/wp-content/uploads/2024/04/WhatsApp-Image-2024-04-25-a-13.50.35_42dfc0a5-1024x768.jpg" alt="" class="wp-image-1076" srcset="https://paroisses-guidel.fr/wp-content/uploads/2024/04/WhatsApp-Image-2024-04-25-a-13.50.35_42dfc0a5-1024x768.jpg 1024w, https://paroisses-guidel.fr/wp-content/uploads/2024/04/WhatsApp-Image-2024-04-25-a-13.50.35_42dfc0a5-300x225.jpg 300w, https://paroisses-guidel.fr/wp-content/uploads/2024/04/WhatsApp-Image-2024-04-25-a-13.50.35_42dfc0a5-768x576.jpg 768w, https://paroisses-guidel.fr/wp-content/uploads/2024/04/WhatsApp-Image-2024-04-25-a-13.50.35_42dfc0a5-1536x1152.jpg 1536w, https://paroisses-guidel.fr/wp-content/uploads/2024/04/WhatsApp-Image-2024-04-25-a-13.50.35_42dfc0a5-1568x1176.jpg 1568w, https://paroisses-guidel.fr/wp-content/uploads/2024/04/WhatsApp-Image-2024-04-25-a-13.50.35_42dfc0a5.jpg 1600w" sizes="auto, (max-width: 1024px) 100vw, 1024px" /></figure>
</div>
</div>



<p>Une boutique solidaire du secours catholique, c’est d’abord un lieu d’accueil et de convivialité et aussi bien sûr un lieu de vente solidaire :</p>



<ul class="wp-block-list">
<li><strong>Un espace de rencontres, d’informations et d’échanges </strong>pour des donateurs, des bénévoles, des visiteurs, des partenaires avec la «&nbsp;table de convivialité&nbsp;».</li>



<li><strong>Un point de vente à un prix solidaire </strong>pour s’habiller de manière sympa et pas cher.</li>



<li><strong>Un lieu d’entraide ou d’activités solidaires </strong>pour mieux vivre au quotidien, un réseau d’échange de pratique, une coopérative d’entraide…pour renforcer le lien social.</li>



<li><strong>Un projet de développement durable</strong>, projet écologique favorisant le recyclage des vêtements, projet économique de vente solidaire, projet social par le développement d’un espace de rencontre et d’entraide solidaire<strong>.</strong></li>
</ul>



<div class="wp-block-columns is-layout-flex wp-container-core-columns-is-layout-28f84493 wp-block-columns-is-layout-flex">
<div class="wp-block-column is-layout-flow wp-block-column-is-layout-flow" style="flex-basis:50%">
<p></p>


<div class="wp-block-image">
<figure class="aligncenter size-large"><img loading="lazy" decoding="async" width="1024" height="768" src="https://paroisses-guidel.fr/wp-content/uploads/2024/04/WhatsApp-Image-2024-04-25-a-13.50.35_30ad4068-1024x768.jpg" alt="" class="wp-image-1079" srcset="https://paroisses-guidel.fr/wp-content/uploads/2024/04/WhatsApp-Image-2024-04-25-a-13.50.35_30ad4068-1024x768.jpg 1024w, https://paroisses-guidel.fr/wp-content/uploads/2024/04/WhatsApp-Image-2024-04-25-a-13.50.35_30ad4068-300x225.jpg 300w, https://paroisses-guidel.fr/wp-content/uploads/2024/04/WhatsApp-Image-2024-04-25-a-13.50.35_30ad4068-768x576.jpg 768w, https://paroisses-guidel.fr/wp-content/uploads/2024/04/WhatsApp-Image-2024-04-25-a-13.50.35_30ad4068-1536x1152.jpg 1536w, https://paroisses-guidel.fr/wp-content/uploads/2024/04/WhatsApp-Image-2024-04-25-a-13.50.35_30ad4068-1568x1176.jpg 1568w, https://paroisses-guidel.fr/wp-content/uploads/2024/04/WhatsApp-Image-2024-04-25-a-13.50.35_30ad4068.jpg 1600w" sizes="auto, (max-width: 1024px) 100vw, 1024px" /></figure>
</div></div>



<div class="wp-block-column is-layout-flow wp-block-column-is-layout-flow" style="flex-basis:50%"><div class="wp-block-image">
<figure class="aligncenter size-large is-resized"><img loading="lazy" decoding="async" width="768" height="1024" src="https://paroisses-guidel.fr/wp-content/uploads/2024/04/WhatsApp-Image-2024-04-25-a-13.50.35_800be352-768x1024.jpg" alt="" class="wp-image-1078" style="width:267px;height:auto" srcset="https://paroisses-guidel.fr/wp-content/uploads/2024/04/WhatsApp-Image-2024-04-25-a-13.50.35_800be352-768x1024.jpg 768w, https://paroisses-guidel.fr/wp-content/uploads/2024/04/WhatsApp-Image-2024-04-25-a-13.50.35_800be352-225x300.jpg 225w, https://paroisses-guidel.fr/wp-content/uploads/2024/04/WhatsApp-Image-2024-04-25-a-13.50.35_800be352-1152x1536.jpg 1152w, https://paroisses-guidel.fr/wp-content/uploads/2024/04/WhatsApp-Image-2024-04-25-a-13.50.35_800be352.jpg 1200w" sizes="auto, (max-width: 768px) 100vw, 768px" /></figure>
</div></div>
</div>



<p>Les vêtements que nous proposons sont tous issus de dons et font l’objet d’un tri préalable. Nous partageons cette ressource avec diverses associations, <em>Lorient Solidarité</em>, <em>Emmaüs</em>, <em>Les Restos du cœur bébés</em>. Nous acceptons les dons de vêtements propres et en bon état, un coffre est à disposition à l’extérieur de la boutique, mais les dépôts se font de préférence aux heures d’ouverture.</p>



<p><strong>Nous accueillons nos visiteurs les mardis et jeudis de 14h30 à 17h30 et le deuxième samedi du mois de 10h00 à 12h30 et de 14h30 à 17h30. La boutique est fermée les jours fériés et du 1<sup>er</sup> au 20 août.</strong></p>



<p>L’espace de vente est uniquement au rez-de-chaussée, l’étage étant réservé au stock et à un bureau aménagé pour des entretiens confidentiels.</p>



<p>L’équipe du secours catholique a à cœur d’<strong>accueillir </strong>chaque personne qui se présente, de l’<strong>écouter </strong>et, éventuellement, de lui <strong>apporter l’aide</strong> dont elle peut avoir besoin. Pour ce faire il est possible de monter des dossiers d’aide ou de microcrédit.</p>



<p>Tous les premiers lundis du mois, les personnes qui le souhaitent sont invitées au Café sourire, à la salle paroissiale Polignac (rue J.P. Calloch) de 14h00 à 16h00 pour des jeux de société et un goûter dans une ambiance conviviale.</p>



<p>D’autres activités ont lieu ponctuellement, comme cette année, un repas-crêpes en projet pour le mois de juin, un repas est prévu pour le Noël des enfants en décembre.</p>



<p></p>



<div class="wp-block-columns is-layout-flex wp-container-core-columns-is-layout-28f84493 wp-block-columns-is-layout-flex">
<div class="wp-block-column is-layout-flow wp-block-column-is-layout-flow" style="flex-basis:50%">
<p class="has-foreground-color has-text-color has-link-color wp-elements-28f77b39e0c0114dd9be5e09ba1fac7e">Contacts &nbsp;:</p>



<p class="has-primary-color has-text-color has-link-color wp-elements-ee28a4f3fad0dada722bfc4f46e53be3"><strong>Marie-Andrée Guyot </strong><br><a href="tel:0608819184" target="_blank" rel="noreferrer noopener">06 08 81 91 84</a><br><a href="mailto:equipe.guidel.560@secours-catholique.org" target="_blank" rel="noreferrer noopener">equipe.guidel.560@secours-catholique.org</a></p>



<p><a href="https://morbihan.secours-catholique.org/" target="_blank" rel="noreferrer noopener">Secours catholique en Morbihan</a></p>
</div>



<div class="wp-block-column is-layout-flow wp-block-column-is-layout-flow" style="flex-basis:50%">
<figure class="wp-block-image size-full is-resized is-style-rounded"><img loading="lazy" decoding="async" width="769" height="1024" src="https://paroisses-guidel.fr/wp-content/uploads/2024/04/Marie-Andree-GUYOT.jpg" alt="" class="wp-image-879" style="width:173px;height:auto" srcset="https://paroisses-guidel.fr/wp-content/uploads/2024/04/Marie-Andree-GUYOT.jpg 769w, https://paroisses-guidel.fr/wp-content/uploads/2024/04/Marie-Andree-GUYOT-225x300.jpg 225w" sizes="auto, (max-width: 769px) 100vw, 769px" /></figure>
</div>
</div>



<p></p>

<p>Le Secours catholique constate une baisse importante du niveau de vie des personnes reçues et en particulier pour les femmes et les enfants. Il accueille en France plus de 1 million de personnes dont 57% de femmes. 25% des personnes reçues n’ont aucun revenu et les autres ont en moyenne 555 € par mois pour<a class="more-link" href="https://paroisses-guidel.fr/index.php/secours-catholique/">Lire la suite <span class="screen-reader-text">« Secours catholique »</span></a></p>
