{"id":23,"date":"2024-03-25T10:15:47","date_gmt":"2024-03-25T09:15:47","guid":{"rendered":"http:\/\/paroisses-guidel.fr\/?page_id=23"},"modified":"2024-06-12T23:36:21","modified_gmt":"2024-06-12T21:36:21","slug":"presentation-et-vision","status":"publish","type":"page","link":"https:\/\/paroisses-guidel.fr\/index.php\/presentation-et-vision\/","title":{"rendered":"Pr\u00e9sentation"},"content":{"rendered":"\n<p class=\"has-text-align-center has-primary-color has-text-color has-link-color has-large-font-size wp-elements-0d1659b1433d2e7f3d0f325d3c328dcc\"><strong><em>\u00ab&nbsp;Vous tous qui avez soif, venez, voici de l\u2019eau&nbsp;!&nbsp;\u00bb<\/em><\/strong><\/p>\n\n\n\n<p class=\"has-text-align-right has-primary-color has-text-color has-link-color has-normal-font-size wp-elements-53cd196a532a6fe83745b55b878955c8\">Isa\u00efe 55, 1<\/p>\n\n\n\n<p>La communaut\u00e9 de paroisses de Guidel et de Gestel fait partie du doyenn\u00e9 de Ploemeur, qui comprend aussi les paroisses de Larmor Plage, Qu\u00e9ven, Pont Scorff et Cl\u00e9guer.<\/p>\n\n\n\n<p>Dans la p\u00e9riph\u00e9rie de Lorient avec son activit\u00e9 d\u00e9bordante, dot\u00e9es d\u2019un littoral appr\u00e9ci\u00e9 des surfeurs et des vacanciers, bord\u00e9es par les m\u00e9andres de la La\u00efta et ses abords plein de charme, enrichies par une campagne qui a forg\u00e9 l\u2019identit\u00e9 locale, nos paroisses de Guidel et de Gestel s\u2019enracinent dans un contexte socio-\u00e9conomique dynamique en croissance.<\/p>\n\n\n\n<div class=\"wp-block-columns is-layout-flex wp-container-core-columns-is-layout-28f84493 wp-block-columns-is-layout-flex\">\n<div class=\"wp-block-column is-layout-flow wp-block-column-is-layout-flow\" style=\"flex-basis:50%\"><div class=\"wp-block-image\">\n<figure class=\"aligncenter size-large\"><img loading=\"lazy\" decoding=\"async\" width=\"1024\" height=\"461\" src=\"https:\/\/paroisses-guidel.fr\/wp-content\/uploads\/2024\/06\/IMG-20240530-WA0016-1024x461.jpg\" alt=\"\" class=\"wp-image-1730\" srcset=\"https:\/\/paroisses-guidel.fr\/wp-content\/uploads\/2024\/06\/IMG-20240530-WA0016-1024x461.jpg 1024w, https:\/\/paroisses-guidel.fr\/wp-content\/uploads\/2024\/06\/IMG-20240530-WA0016-300x135.jpg 300w, https:\/\/paroisses-guidel.fr\/wp-content\/uploads\/2024\/06\/IMG-20240530-WA0016-768x346.jpg 768w, https:\/\/paroisses-guidel.fr\/wp-content\/uploads\/2024\/06\/IMG-20240530-WA0016-1536x691.jpg 1536w, https:\/\/paroisses-guidel.fr\/wp-content\/uploads\/2024\/06\/IMG-20240530-WA0016-1568x706.jpg 1568w, https:\/\/paroisses-guidel.fr\/wp-content\/uploads\/2024\/06\/IMG-20240530-WA0016.jpg 1600w\" sizes=\"auto, (max-width: 1024px) 100vw, 1024px\" \/><\/figure>\n<\/div><\/div>\n\n\n\n<div class=\"wp-block-column is-layout-flow wp-block-column-is-layout-flow\" style=\"flex-basis:50%\"><div class=\"wp-block-image\">\n<figure class=\"aligncenter size-large is-resized\"><img loading=\"lazy\" decoding=\"async\" width=\"1024\" height=\"768\" src=\"https:\/\/paroisses-guidel.fr\/wp-content\/uploads\/2024\/06\/P1-Couverture-1024x768.jpg\" alt=\"\" class=\"wp-image-1731\" style=\"width:226px;height:auto\" srcset=\"https:\/\/paroisses-guidel.fr\/wp-content\/uploads\/2024\/06\/P1-Couverture-1024x768.jpg 1024w, https:\/\/paroisses-guidel.fr\/wp-content\/uploads\/2024\/06\/P1-Couverture-300x225.jpg 300w, https:\/\/paroisses-guidel.fr\/wp-content\/uploads\/2024\/06\/P1-Couverture-768x576.jpg 768w, https:\/\/paroisses-guidel.fr\/wp-content\/uploads\/2024\/06\/P1-Couverture-1536x1152.jpg 1536w, https:\/\/paroisses-guidel.fr\/wp-content\/uploads\/2024\/06\/P1-Couverture-2048x1536.jpg 2048w, https:\/\/paroisses-guidel.fr\/wp-content\/uploads\/2024\/06\/P1-Couverture-1568x1176.jpg 1568w\" sizes=\"auto, (max-width: 1024px) 100vw, 1024px\" \/><\/figure>\n<\/div><\/div>\n<\/div>\n\n\n\n<p>Marqu\u00e9es par un h\u00e9ritage chr\u00e9tien vivant, comme en t\u00e9moignent les neuf chapelles de nos deux communes, nos communaut\u00e9s paroissiales, en communion avec l\u2019Eglise dioc\u00e9saine et l\u2019Eglise universelle, sont le visage local de l\u2019Eglise. Elles veulent accueillir largement, c\u00e9l\u00e9brer, servir, t\u00e9moigner et transmettre&nbsp;!<\/p>\n\n\n\n<p>Pour r\u00e9pondre \u00e0 la soif profonde qui habite le c\u0153ur de chacun(e) d\u2019entre nous, l\u2019Evangile nous est donn\u00e9 \u00e0 travers l\u2019Eglise. C\u2019est l\u00e0 que le Christ se donne, nous d\u00e9salt\u00e8re, nous console et nous fortifie. Venez y boire l\u2019eau vive de la Parole&nbsp;!<\/p>\n\n\n\n<p class=\"has-primary-color has-text-color has-link-color wp-elements-67c22d9574cbee7fcadd9a9a66227977\"><strong>Notre Vision&nbsp;:<\/strong><br><strong><em>\u00ab&nbsp;\u00catre une communaut\u00e9 fraternelle transform\u00e9e par l\u2019Esprit-Saint, ouverte \u00e0 tous, \u00e0 l\u2019\u00e9coute des attentes et des talents pour servir la rencontre avec le Christ.&nbsp;\u00bb<\/em><\/strong><\/p>\n\n\n\n<p>Notre vision se nourrit des cinq grandes dimensions de l\u2019Eglise des premiers temps apostoliques&nbsp;: <strong>la fraternit\u00e9, la louange de Dieu, la formation spirituelle, le service et l\u2019\u00e9vang\u00e9lisation<\/strong> (Actes des Ap\u00f4tres 2, 42-47). Elle est fond\u00e9e sur les convictions suivantes&nbsp;:<\/p>\n\n\n\n<ul class=\"wp-block-list\">\n<li>La rencontre spirituelle avec la personne de J\u00e9sus-Christ est le point de d\u00e9part d\u2019une vie nouvelle. L\u2019exp\u00e9rience de son amour et de son salut m\u00e9rite d\u2019\u00eatre v\u00e9cue et propos\u00e9e autour de soi.<\/li>\n\n\n\n<li>L\u2019action de Dieu dans la vie des croyants est bien r\u00e9elle. Par son Esprit, Dieu nous transforme, nous lib\u00e8re, nous fortifie et nous guide.<\/li>\n\n\n\n<li>Une communaut\u00e9 est un lieu de communion et de croissance spirituelle. Chaque personne qui la rejoint doit pouvoir y \u00eatre accueillie avec ses talents et ses charismes et \u00eatre accompagn\u00e9e pour devenir un disciple et un ap\u00f4tre du Christ.<\/li>\n\n\n\n<li>La fraternit\u00e9 est un crit\u00e8re de maturit\u00e9 et de bonne sant\u00e9 communautaire&nbsp;: elle est le signe d\u2019une vie chr\u00e9tienne et d\u2019un t\u00e9moignage authentiques.&nbsp;<\/li>\n<\/ul>\n\n\n\n<p><em>\u00ab&nbsp;La paroisse n\u2019est pas une structure caduque ; pr\u00e9cis\u00e9ment parce qu\u2019elle a une grande plasticit\u00e9, elle peut prendre des formes tr\u00e8s diverses qui demandent la docilit\u00e9 et la cr\u00e9ativit\u00e9 missionnaire du pasteur et de la communaut\u00e9. M\u00eame si, certainement, elle n\u2019est pas l\u2019unique institution \u00e9vang\u00e9lisatrice, si elle est capable de se r\u00e9former et de s\u2019adapter constamment, elle continuera \u00e0 \u00eatre \u00ab l\u2019\u00c9glise elle-m\u00eame qui vit au milieu des maisons de ses fils et de ses filles \u00bb.&nbsp;Cela suppose que r\u00e9ellement elle soit en contact avec les familles et avec la vie du peuple et ne devienne pas une structure prolixe s\u00e9par\u00e9e des gens, ou un groupe d\u2019\u00e9lus qui se regardent eux-m\u00eames. La paroisse est pr\u00e9sence eccl\u00e9siale sur le territoire, lieu de l\u2019\u00e9coute de la Parole, de la croissance de la vie chr\u00e9tienne, du dialogue, de l\u2019annonce, de la charit\u00e9 g\u00e9n\u00e9reuse, de l\u2019adoration et de la c\u00e9l\u00e9bration.&nbsp;\u00c0 travers toutes ses activit\u00e9s, la paroisse encourage et forme ses membres pour qu\u2019ils soient des agents de l\u2019\u00e9vang\u00e9lisation.&nbsp;Elle est communaut\u00e9 de communaut\u00e9s, sanctuaire o\u00f9 les assoiff\u00e9s viennent boire pour continuer \u00e0 marcher, et centre d\u2019un constant envoi missionnaire. Mais nous devons reconna\u00eetre que l\u2019appel \u00e0 la r\u00e9vision et au renouveau des paroisses n\u2019a pas encore donn\u00e9 de fruits suffisants pour qu\u2019elles soient encore plus proches des gens, qu\u2019elles soient des lieux de communion vivante et de participation, et qu\u2019elles s\u2019orientent compl\u00e8tement vers la mission.&nbsp;\u00bb<\/em><br>                                                                                              <em>Pape Fran\u00e7ois, La joie de l\u2019Evangile, 28<\/em><\/p>\n\n\n\n<p><\/p>\n","protected":false},"excerpt":{"rendered":"<p>\u00ab&nbsp;Vous tous qui avez soif, venez, voici de l\u2019eau&nbsp;!&nbsp;\u00bb Isa\u00efe 55, 1 La communaut\u00e9 de paroisses de Guidel et de Gestel fait partie du doyenn\u00e9 de Ploemeur, qui comprend aussi les paroisses de Larmor Plage, Qu\u00e9ven, Pont Scorff et Cl\u00e9guer. Dans la p\u00e9riph\u00e9rie de Lorient avec son activit\u00e9 d\u00e9bordante, dot\u00e9es d\u2019un littoral appr\u00e9ci\u00e9 des surfeurs<a class=\"more-link\" href=\"https:\/\/paroisses-guidel.fr\/index.php\/presentation-et-vision\/\">Lire la suite <span class=\"screen-reader-text\">\u00ab\u00a0Pr\u00e9sentation\u00a0\u00bb<\/span><\/a><\/p>\n","protected":false},"author":1,"featured_media":0,"parent":0,"menu_order":0,"comment_status":"closed","ping_status":"closed","template":"","meta":{"iawp_total_views":276,"footnotes":""},"class_list":["post-23","page","type-page","status-publish","hentry","entry"],"_links":{"self":[{"href":"https:\/\/paroisses-guidel.fr\/index.php\/wp-json\/wp\/v2\/pages\/23","targetHints":{"allow":["GET"]}}],"collection":[{"href":"https:\/\/paroisses-guidel.fr\/index.php\/wp-json\/wp\/v2\/pages"}],"about":[{"href":"https:\/\/paroisses-guidel.fr\/index.php\/wp-json\/wp\/v2\/types\/page"}],"author":[{"embeddable":true,"href":"https:\/\/paroisses-guidel.fr\/index.php\/wp-json\/wp\/v2\/users\/1"}],"replies":[{"embeddable":true,"href":"https:\/\/paroisses-guidel.fr\/index.php\/wp-json\/wp\/v2\/comments?post=23"}],"version-history":[{"count":29,"href":"https:\/\/paroisses-guidel.fr\/index.php\/wp-json\/wp\/v2\/pages\/23\/revisions"}],"predecessor-version":[{"id":2175,"href":"https:\/\/paroisses-guidel.fr\/index.php\/wp-json\/wp\/v2\/pages\/23\/revisions\/2175"}],"wp:attachment":[{"href":"https:\/\/paroisses-guidel.fr\/index.php\/wp-json\/wp\/v2\/media?parent=23"}],"curies":[{"name":"wp","href":"https:\/\/api.w.org\/{rel}","templated":true}]}}