{"id":5040,"date":"2025-09-15T11:13:23","date_gmt":"2025-09-15T09:13:23","guid":{"rendered":"https:\/\/paroisses-guidel.fr\/?page_id=5040"},"modified":"2025-09-15T11:23:14","modified_gmt":"2025-09-15T09:23:14","slug":"hospitalite-diocesaine-darvor","status":"publish","type":"page","link":"https:\/\/paroisses-guidel.fr\/index.php\/hospitalite-diocesaine-darvor\/","title":{"rendered":"Hospitalit\u00e9 dioc\u00e9saine d&rsquo;Arvor"},"content":{"rendered":"<div class=\"wp-block-image\">\n<figure class=\"aligncenter size-large\"><img loading=\"lazy\" decoding=\"async\" width=\"1024\" height=\"768\" src=\"https:\/\/paroisses-guidel.fr\/wp-content\/uploads\/2025\/09\/24-05-2023-16-1024x768.jpg\" alt=\"\" class=\"wp-image-5043\" srcset=\"https:\/\/paroisses-guidel.fr\/wp-content\/uploads\/2025\/09\/24-05-2023-16-1024x768.jpg 1024w, https:\/\/paroisses-guidel.fr\/wp-content\/uploads\/2025\/09\/24-05-2023-16-300x225.jpg 300w, https:\/\/paroisses-guidel.fr\/wp-content\/uploads\/2025\/09\/24-05-2023-16-768x576.jpg 768w, https:\/\/paroisses-guidel.fr\/wp-content\/uploads\/2025\/09\/24-05-2023-16-1536x1152.jpg 1536w, https:\/\/paroisses-guidel.fr\/wp-content\/uploads\/2025\/09\/24-05-2023-16-2048x1536.jpg 2048w, https:\/\/paroisses-guidel.fr\/wp-content\/uploads\/2025\/09\/24-05-2023-16-1568x1176.jpg 1568w\" sizes=\"auto, (max-width: 1024px) 100vw, 1024px\" \/><\/figure>\n<\/div>\n\n\n<p>L\u2019Hospitalit\u00e9 dioc\u00e9saine d\u2019Arvor est un mouvement d\u2019\u00e9glise (association Loi 1901), au service des personnes \u00e2g\u00e9es, malades ou handicap\u00e9es, en les accompagnant pendant le p\u00e8lerinage dioc\u00e9sain \u00e0 Lourdes et en leur apportant en cours d\u2019ann\u00e9e les r\u00e9conforts mat\u00e9riels et spirituels dont elles ont besoin.<\/p>\n\n\n\n<p><em><strong>Vous souhaitez vous mettre au service des personnes \u00e2g\u00e9es, malades ou handicap\u00e9es ? Les malades ont besoin de vous, nous avons besoin de vous ! Les Hospitaliers veulent vivre avec les malades, lors des p\u00e8lerinages, en particulier \u00e0 Lourdes, et \u00e0 domicile, une amiti\u00e9, un partage : une \u0153uvre d\u2019\u00c9glise ouverte \u00e0 tous.<\/strong><\/em><\/p>\n\n\n\n<p>Contact :<strong> Isabelle Hody<\/strong> <a href=\"mailto:pica.hody@wanadoo.fr\" target=\"_blank\" rel=\"noreferrer noopener\">pica.hody@wanadoo.fr<\/a><\/p>\n\n\n\n<div class=\"wp-block-buttons is-content-justification-center is-layout-flex wp-container-core-buttons-is-layout-a89b3969 wp-block-buttons-is-layout-flex\">\n<div class=\"wp-block-button\"><a class=\"wp-block-button__link wp-element-button\" href=\"https:\/\/hospitalite56.fr\/\">Hospitalit\u00e9 dioc\u00e9saine d&rsquo;Arvor<\/a><\/div>\n<\/div>\n\n\n\n<p><\/p>\n","protected":false},"excerpt":{"rendered":"<p>L\u2019Hospitalit\u00e9 dioc\u00e9saine d\u2019Arvor est un mouvement d\u2019\u00e9glise (association Loi 1901), au service des personnes \u00e2g\u00e9es, malades ou handicap\u00e9es, en les accompagnant pendant le p\u00e8lerinage dioc\u00e9sain \u00e0 Lourdes et en leur apportant en cours d\u2019ann\u00e9e les r\u00e9conforts mat\u00e9riels et spirituels dont elles ont besoin. Vous souhaitez vous mettre au service des personnes \u00e2g\u00e9es, malades ou handicap\u00e9es<a class=\"more-link\" href=\"https:\/\/paroisses-guidel.fr\/index.php\/hospitalite-diocesaine-darvor\/\">Lire la suite <span class=\"screen-reader-text\">\u00ab\u00a0Hospitalit\u00e9 dioc\u00e9saine d&rsquo;Arvor\u00a0\u00bb<\/span><\/a><\/p>\n","protected":false},"author":2,"featured_media":0,"parent":0,"menu_order":0,"comment_status":"closed","ping_status":"closed","template":"","meta":{"iawp_total_views":23,"footnotes":""},"class_list":["post-5040","page","type-page","status-publish","hentry","entry"],"_links":{"self":[{"href":"https:\/\/paroisses-guidel.fr\/index.php\/wp-json\/wp\/v2\/pages\/5040","targetHints":{"allow":["GET"]}}],"collection":[{"href":"https:\/\/paroisses-guidel.fr\/index.php\/wp-json\/wp\/v2\/pages"}],"about":[{"href":"https:\/\/paroisses-guidel.fr\/index.php\/wp-json\/wp\/v2\/types\/page"}],"author":[{"embeddable":true,"href":"https:\/\/paroisses-guidel.fr\/index.php\/wp-json\/wp\/v2\/users\/2"}],"replies":[{"embeddable":true,"href":"https:\/\/paroisses-guidel.fr\/index.php\/wp-json\/wp\/v2\/comments?post=5040"}],"version-history":[{"count":4,"href":"https:\/\/paroisses-guidel.fr\/index.php\/wp-json\/wp\/v2\/pages\/5040\/revisions"}],"predecessor-version":[{"id":5048,"href":"https:\/\/paroisses-guidel.fr\/index.php\/wp-json\/wp\/v2\/pages\/5040\/revisions\/5048"}],"wp:attachment":[{"href":"https:\/\/paroisses-guidel.fr\/index.php\/wp-json\/wp\/v2\/media?parent=5040"}],"curies":[{"name":"wp","href":"https:\/\/api.w.org\/{rel}","templated":true}]}}