{"id":87,"date":"2024-03-25T11:15:41","date_gmt":"2024-03-25T10:15:41","guid":{"rendered":"https:\/\/paroisses-guidel.fr\/?page_id=87"},"modified":"2026-09-03T19:27:31","modified_gmt":"2026-09-03T17:27:31","slug":"accueil","status":"publish","type":"page","link":"https:\/\/paroisses-guidel.fr\/","title":{"rendered":"La paix soit avec vous ! L\u00e9on XIV"},"content":{"rendered":"\n\n\n\n<p class=\"has-text-align-center has-primary-color has-text-color has-link-color has-huge-font-size wp-elements-1 wp-block-paragraph\"><strong><em>Bienvenue !<\/em><\/strong><\/p>\n\n\n\n<div class=\"wp-block-buttons alignwide has-custom-font-size has-small-font-size is-content-justification-center is-layout-flex wp-container-core-buttons-is-layout-3e41869c wp-block-buttons-is-layout-flex\">\n<div class=\"wp-block-button\"><a class=\"wp-block-button__link has-cool-to-warm-spectrum-gradient-background has-background wp-element-button\" href=\"https:\/\/paroisses-guidel.fr\/index.php\/galerie\/\">Galerie photos<\/a><\/div>\n<\/div>\n\n\n\n<div class=\"wp-block-buttons is-layout-flex wp-block-buttons-is-layout-flex\">\n<div style=\"--wp--block-button--width: 100;\" class=\"wp-block-button has-custom-width wp-block-button__width wp-block-button__width-100\"><a class=\"wp-block-button__link has-large-font-size has-custom-font-size wp-element-button\" href=\"https:\/\/paroisses-guidel.fr\/index.php\/category\/actualites\/\">ACTUALITES<\/a><\/div>\n<\/div>\n\n\n<div class=\"wp-block-image\">\n<figure class=\"aligncenter size-full\"><img loading=\"lazy\" decoding=\"async\" width=\"360\" height=\"513\" src=\"https:\/\/paroisses-guidel.fr\/wp-content\/uploads\/2026\/08\/image-7.png\" alt=\"\" class=\"wp-image-7134\" srcset=\"https:\/\/paroisses-guidel.fr\/wp-content\/uploads\/2026\/08\/image-7.png 360w, https:\/\/paroisses-guidel.fr\/wp-content\/uploads\/2026\/08\/image-7-211x300.png 211w\" sizes=\"auto, (max-width: 360px) 100vw, 360px\" \/><\/figure>\n<\/div>\n\n\n<div class=\"wp-block-buttons is-content-justification-center is-layout-flex wp-container-core-buttons-is-layout-3e41869c wp-block-buttons-is-layout-flex\">\n<div style=\"--wp--block-button--width: 75;\" class=\"wp-block-button has-custom-width wp-block-button__width wp-block-button__width-75\"><a class=\"wp-block-button__link has-luminous-vivid-amber-to-luminous-vivid-orange-gradient-background has-background has-normal-font-size has-custom-font-size wp-element-button\" href=\"https:\/\/paroisses-guidel.fr\/index.php\/catechese\/\" style=\"border-top-left-radius:115px;border-top-right-radius:115px;border-bottom-left-radius:115px;border-bottom-right-radius:115px;padding-right:var(--wp--preset--spacing--20);padding-left:var(--wp--preset--spacing--20)\">Inscription KT<br> 2026\/2027<\/a><\/div>\n<\/div>\n\n\n<ul class=\"wp-block-latest-posts__list is-grid columns-3 has-dates wp-block-latest-posts is-layout-grid wp-container-core-latest-posts-is-layout-cda6dc4f wp-block-latest-posts-is-layout-grid\"><li><div class=\"wp-block-latest-posts__featured-image aligncenter\"><a href=\"https:\/\/paroisses-guidel.fr\/index.php\/2026\/08\/30\/quand-lenfant-se-fait-attendre\/\" aria-label=\"Quand l&rsquo;enfant se fait attendre &#8230;\"><img loading=\"lazy\" decoding=\"async\" width=\"150\" height=\"150\" src=\"https:\/\/paroisses-guidel.fr\/wp-content\/uploads\/2026\/08\/image-8-150x150.png\" class=\"attachment-thumbnail size-thumbnail wp-post-image\" alt=\"\" style=\"\" \/><\/a><\/div><a class=\"wp-block-latest-posts__post-title\" href=\"https:\/\/paroisses-guidel.fr\/index.php\/2026\/08\/30\/quand-lenfant-se-fait-attendre\/\">Quand l&rsquo;enfant se fait attendre &#8230;<\/a><time datetime=\"2026-08-30T18:54:11+02:00\" class=\"wp-block-latest-posts__post-date\">30 ao\u00fbt 2026<\/time><div class=\"wp-block-latest-posts__post-excerpt\">Venez confier votre \u00e9preuve dans les bras de sainte Anne les 5 et 6 septembre<a class=\"more-link\" href=\"https:\/\/paroisses-guidel.fr\/index.php\/2026\/08\/30\/quand-lenfant-se-fait-attendre\/\">Lire la suite <span class=\"screen-reader-text\">\u00ab\u00a0Quand l&rsquo;enfant se fait attendre &#8230;\u00a0\u00bb<\/span><\/a><\/div><\/li>\n<li><div class=\"wp-block-latest-posts__featured-image aligncenter\"><a href=\"https:\/\/paroisses-guidel.fr\/index.php\/2026\/08\/30\/leon-xiv-a-paris\/\" aria-label=\"L\u00e9on XIV \u00e0 Paris\"><img loading=\"lazy\" decoding=\"async\" width=\"150\" height=\"150\" src=\"https:\/\/paroisses-guidel.fr\/wp-content\/uploads\/2026\/06\/image-25-150x150.png\" class=\"attachment-thumbnail size-thumbnail wp-post-image\" alt=\"\" style=\"\" \/><\/a><\/div><a class=\"wp-block-latest-posts__post-title\" href=\"https:\/\/paroisses-guidel.fr\/index.php\/2026\/08\/30\/leon-xiv-a-paris\/\">L\u00e9on XIV \u00e0 Paris<\/a><time datetime=\"2026-08-30T18:53:56+02:00\" class=\"wp-block-latest-posts__post-date\">30 ao\u00fbt 2026<\/time><div class=\"wp-block-latest-posts__post-excerpt\">Inscription ouverte &#8230; A l\u2019occasion de la venue du pape L\u00e9on XIV en France\u00a0du 25<a class=\"more-link\" href=\"https:\/\/paroisses-guidel.fr\/index.php\/2026\/08\/30\/leon-xiv-a-paris\/\">Lire la suite <span class=\"screen-reader-text\">\u00ab\u00a0L\u00e9on XIV \u00e0 Paris\u00a0\u00bb<\/span><\/a><\/div><\/li>\n<li><div class=\"wp-block-latest-posts__featured-image aligncenter\"><a href=\"https:\/\/paroisses-guidel.fr\/index.php\/2026\/08\/30\/un-chretien-forme\/\" aria-label=\"Un chr\u00e9tien form\u00e9 &#8230;\"><img loading=\"lazy\" decoding=\"async\" width=\"150\" height=\"150\" src=\"https:\/\/paroisses-guidel.fr\/wp-content\/uploads\/2026\/06\/image-21-150x150.png\" class=\"attachment-thumbnail size-thumbnail wp-post-image\" alt=\"\" style=\"\" \/><\/a><\/div><a class=\"wp-block-latest-posts__post-title\" href=\"https:\/\/paroisses-guidel.fr\/index.php\/2026\/08\/30\/un-chretien-forme\/\">Un chr\u00e9tien form\u00e9 &#8230;<\/a><time datetime=\"2026-08-30T18:53:38+02:00\" class=\"wp-block-latest-posts__post-date\">30 ao\u00fbt 2026<\/time><div class=\"wp-block-latest-posts__post-excerpt\">Par le bapt\u00eame, nous sommes enfants bien-aim\u00e9s du P\u00e8re appel\u00e9s \u00e0 vivre de cet amour<a class=\"more-link\" href=\"https:\/\/paroisses-guidel.fr\/index.php\/2026\/08\/30\/un-chretien-forme\/\">Lire la suite <span class=\"screen-reader-text\">\u00ab\u00a0Un chr\u00e9tien form\u00e9 &#8230;\u00a0\u00bb<\/span><\/a><\/div><\/li>\n<\/ul>\n\n\n<div class=\"wp-block-buttons is-content-justification-center is-layout-flex wp-container-core-buttons-is-layout-3e41869c wp-block-buttons-is-layout-flex\">\n<div style=\"--wp--block-button--width: 100;\" class=\"wp-block-button is-style-fill has-custom-width wp-block-button__width wp-block-button__width-100\"><a class=\"wp-block-button__link has-large-font-size has-custom-font-size wp-element-button\" href=\"https:\/\/www.dropbox.com\/scl\/fi\/a4su01o7ld2hmiet433lu\/Site-Agenda.docx?rlkey=7642qgdmxt29pbbonyeassavg&amp;dl=0\" target=\"_blank\" rel=\"noreferrer noopener\">AGENDA<\/a><\/div>\n<\/div>\n\n\n\n<p class=\"wp-block-paragraph\"><a href=\"https:\/\/www.dropbox.com\/scl\/fi\/a4su01o7ld2hmiet433lu\/Site-Agenda.docx?rlkey=7642qgdmxt29pbbonyeassavg&amp;dl=0\" target=\"_blank\" rel=\"noreferrer noopener\">Sur votre agenda pastoral &#8230;<\/a><\/p>\n\n\n\n<div class=\"wp-block-buttons is-content-justification-center is-layout-flex wp-container-core-buttons-is-layout-3e41869c wp-block-buttons-is-layout-flex\"><\/div>\n\n\n\n<div class=\"wp-block-buttons is-layout-flex wp-block-buttons-is-layout-flex\">\n<div style=\"--wp--block-button--width: 100;\" class=\"wp-block-button is-style-fill has-custom-width wp-block-button__width wp-block-button__width-100\"><a class=\"wp-block-button__link has-large-font-size has-custom-font-size wp-element-button\" href=\"https:\/\/paroisses-guidel.fr\/index.php\/feuilles-info-hebdo\/\">FEUILLE INFOS HEBDO<\/a><\/div>\n<\/div>\n\n\n\n<p class=\"has-text-align-center wp-block-paragraph\"><a href=\"https:\/\/paroisses-guidel.fr\/index.php\/feuilles-info-hebdo\/\">Consulter toutes les feuilles infos<\/a><\/p>\n\n\n\n<div class=\"wp-block-buttons is-content-justification-center is-layout-flex wp-container-core-buttons-is-layout-3e41869c wp-block-buttons-is-layout-flex\">\n<div class=\"wp-block-button is-style-outline is-style-outline--1\"><a class=\"wp-block-button__link has-primary-color has-very-light-gray-to-cyan-bluish-gray-gradient-background has-text-color has-background has-link-color wp-element-button\" href=\"https:\/\/www.dropbox.com\/scl\/fi\/2rcs41z7tsc7esnlolej1\/2026-08-30-Annonces-ECRITES-22-me-dimanche-TO.docx?rlkey=5xukxe7m9va3tlj6o2macltgg&amp;dl=0\">22\u00e8me dimanche du Temps Ordinaire<br> 30\/08\/2026<\/a><\/div>\n<\/div>\n\n\n\n<div class=\"wp-block-buttons is-layout-flex wp-block-buttons-is-layout-flex\">\n<div style=\"--wp--block-button--width: 100;\" class=\"wp-block-button has-custom-width wp-block-button__width wp-block-button__width-100\"><a class=\"wp-block-button__link has-large-font-size has-custom-font-size wp-element-button\" href=\"https:\/\/paroisses-guidel.fr\/index.php\/le-carillon\/\">LE CARILLON<\/a><\/div>\n<\/div>\n\n\n\n<p class=\"has-text-align-center wp-block-paragraph\"><a href=\"https:\/\/paroisses-guidel.fr\/index.php\/le-carillon\/\">Consulter les num\u00e9ros pr\u00e9c\u00e9dents<\/a><\/p>\n\n\n\n<p class=\"wp-block-paragraph\"><a href=\"https:\/\/www.dropbox.com\/scl\/fi\/ncdvow561c6ro0z653l1h\/CARILLON-2026-09.pdf?rlkey=kgj0iuk4n7wrj72x1m3h9yfyk&amp;dl=0\" target=\"_blank\" rel=\"noopener\">LE CARILLON &#8211; Septembre 2026<\/a><\/p>\n\n\n\n<div class=\"wp-block-buttons is-layout-flex wp-block-buttons-is-layout-flex\">\n<div style=\"--wp--block-button--width: 100;\" class=\"wp-block-button has-custom-width wp-block-button__width wp-block-button__width-100\"><a class=\"wp-block-button__link has-large-font-size has-custom-font-size wp-element-button\" href=\"https:\/\/don.diocese-vannes.fr\/paroisses\/~mon-don?_cv=1\" target=\"_blank\" rel=\"noreferrer noopener\">FAIRE UN DON<\/a><\/div>\n<\/div>\n\n\n\n<p class=\"wp-block-paragraph\"><\/p>\n","protected":false},"excerpt":{"rendered":"<p>Bienvenue ! Sur votre agenda pastoral &#8230; Consulter toutes les feuilles infos Consulter les num\u00e9ros pr\u00e9c\u00e9dents LE CARILLON &#8211; Septembre 2026<\/p>\n","protected":false},"author":1,"featured_media":0,"parent":0,"menu_order":0,"comment_status":"closed","ping_status":"closed","template":"","meta":{"iawp_total_views":24587,"footnotes":""},"class_list":["post-87","page","type-page","status-publish","hentry","entry"],"_links":{"self":[{"href":"https:\/\/paroisses-guidel.fr\/index.php\/wp-json\/wp\/v2\/pages\/87","targetHints":{"allow":["GET"]}}],"collection":[{"href":"https:\/\/paroisses-guidel.fr\/index.php\/wp-json\/wp\/v2\/pages"}],"about":[{"href":"https:\/\/paroisses-guidel.fr\/index.php\/wp-json\/wp\/v2\/types\/page"}],"author":[{"embeddable":true,"href":"https:\/\/paroisses-guidel.fr\/index.php\/wp-json\/wp\/v2\/users\/1"}],"replies":[{"embeddable":true,"href":"https:\/\/paroisses-guidel.fr\/index.php\/wp-json\/wp\/v2\/comments?post=87"}],"version-history":[{"count":575,"href":"https:\/\/paroisses-guidel.fr\/index.php\/wp-json\/wp\/v2\/pages\/87\/revisions"}],"predecessor-version":[{"id":7157,"href":"https:\/\/paroisses-guidel.fr\/index.php\/wp-json\/wp\/v2\/pages\/87\/revisions\/7157"}],"wp:attachment":[{"href":"https:\/\/paroisses-guidel.fr\/index.php\/wp-json\/wp\/v2\/media?parent=87"}],"curies":[{"name":"wp","href":"https:\/\/api.w.org\/{rel}","templated":true}]}}

La paix soit avec vous ! Léon XIV

<p class="has-text-align-center has-primary-color has-text-color has-link-color has-huge-font-size wp-elements-1 wp-block-paragraph"><strong><em>Bienvenue !</em></strong></p>



<div class="wp-block-buttons alignwide has-custom-font-size has-small-font-size is-content-justification-center is-layout-flex wp-container-core-buttons-is-layout-3e41869c wp-block-buttons-is-layout-flex">
<div class="wp-block-button"><a class="wp-block-button__link has-cool-to-warm-spectrum-gradient-background has-background wp-element-button" href="https://paroisses-guidel.fr/index.php/galerie/">Galerie photos</a></div>
</div>



<div class="wp-block-buttons is-layout-flex wp-block-buttons-is-layout-flex">
<div style="--wp--block-button--width: 100;" class="wp-block-button has-custom-width wp-block-button__width wp-block-button__width-100"><a class="wp-block-button__link has-large-font-size has-custom-font-size wp-element-button" href="https://paroisses-guidel.fr/index.php/category/actualites/">ACTUALITES</a></div>
</div>


<div class="wp-block-image">
<figure class="aligncenter size-full"><img loading="lazy" decoding="async" width="360" height="513" src="https://paroisses-guidel.fr/wp-content/uploads/2026/08/image-7.png" alt="" class="wp-image-7134" srcset="https://paroisses-guidel.fr/wp-content/uploads/2026/08/image-7.png 360w, https://paroisses-guidel.fr/wp-content/uploads/2026/08/image-7-211x300.png 211w" sizes="auto, (max-width: 360px) 100vw, 360px" /></figure>
</div>


<div class="wp-block-buttons is-content-justification-center is-layout-flex wp-container-core-buttons-is-layout-3e41869c wp-block-buttons-is-layout-flex">
<div style="--wp--block-button--width: 75;" class="wp-block-button has-custom-width wp-block-button__width wp-block-button__width-75"><a class="wp-block-button__link has-luminous-vivid-amber-to-luminous-vivid-orange-gradient-background has-background has-normal-font-size has-custom-font-size wp-element-button" href="https://paroisses-guidel.fr/index.php/catechese/" style="border-top-left-radius:115px;border-top-right-radius:115px;border-bottom-left-radius:115px;border-bottom-right-radius:115px;padding-right:var(--wp--preset--spacing--20);padding-left:var(--wp--preset--spacing--20)">Inscription KT<br> 2026/2027</a></div>
</div>


<ul class="wp-block-latest-posts__list is-grid columns-3 has-dates wp-block-latest-posts is-layout-grid wp-container-core-latest-posts-is-layout-cda6dc4f wp-block-latest-posts-is-layout-grid"><li><div class="wp-block-latest-posts__featured-image aligncenter"><a href="https://paroisses-guidel.fr/index.php/2026/08/30/quand-lenfant-se-fait-attendre/" aria-label="Quand l&rsquo;enfant se fait attendre &#8230;"><img loading="lazy" decoding="async" width="150" height="150" src="https://paroisses-guidel.fr/wp-content/uploads/2026/08/image-8-150x150.png" class="attachment-thumbnail size-thumbnail wp-post-image" alt="" style="" /></a></div><a class="wp-block-latest-posts__post-title" href="https://paroisses-guidel.fr/index.php/2026/08/30/quand-lenfant-se-fait-attendre/">Quand l&rsquo;enfant se fait attendre &#8230;</a><time datetime="2026-08-30T18:54:11+02:00" class="wp-block-latest-posts__post-date">30 août 2026</time><div class="wp-block-latest-posts__post-excerpt">Venez confier votre épreuve dans les bras de sainte Anne les 5 et 6 septembre<a class="more-link" href="https://paroisses-guidel.fr/index.php/2026/08/30/quand-lenfant-se-fait-attendre/">Lire la suite <span class="screen-reader-text">« Quand l&rsquo;enfant se fait attendre &#8230; »</span></a></div></li>
<li><div class="wp-block-latest-posts__featured-image aligncenter"><a href="https://paroisses-guidel.fr/index.php/2026/08/30/leon-xiv-a-paris/" aria-label="Léon XIV à Paris"><img loading="lazy" decoding="async" width="150" height="150" src="https://paroisses-guidel.fr/wp-content/uploads/2026/06/image-25-150x150.png" class="attachment-thumbnail size-thumbnail wp-post-image" alt="" style="" /></a></div><a class="wp-block-latest-posts__post-title" href="https://paroisses-guidel.fr/index.php/2026/08/30/leon-xiv-a-paris/">Léon XIV à Paris</a><time datetime="2026-08-30T18:53:56+02:00" class="wp-block-latest-posts__post-date">30 août 2026</time><div class="wp-block-latest-posts__post-excerpt">Inscription ouverte &#8230; A l’occasion de la venue du pape Léon XIV en France du 25<a class="more-link" href="https://paroisses-guidel.fr/index.php/2026/08/30/leon-xiv-a-paris/">Lire la suite <span class="screen-reader-text">« Léon XIV à Paris »</span></a></div></li>
<li><div class="wp-block-latest-posts__featured-image aligncenter"><a href="https://paroisses-guidel.fr/index.php/2026/08/30/un-chretien-forme/" aria-label="Un chrétien formé &#8230;"><img loading="lazy" decoding="async" width="150" height="150" src="https://paroisses-guidel.fr/wp-content/uploads/2026/06/image-21-150x150.png" class="attachment-thumbnail size-thumbnail wp-post-image" alt="" style="" /></a></div><a class="wp-block-latest-posts__post-title" href="https://paroisses-guidel.fr/index.php/2026/08/30/un-chretien-forme/">Un chrétien formé &#8230;</a><time datetime="2026-08-30T18:53:38+02:00" class="wp-block-latest-posts__post-date">30 août 2026</time><div class="wp-block-latest-posts__post-excerpt">Par le baptême, nous sommes enfants bien-aimés du Père appelés à vivre de cet amour<a class="more-link" href="https://paroisses-guidel.fr/index.php/2026/08/30/un-chretien-forme/">Lire la suite <span class="screen-reader-text">« Un chrétien formé &#8230; »</span></a></div></li>
</ul>


<div class="wp-block-buttons is-content-justification-center is-layout-flex wp-container-core-buttons-is-layout-3e41869c wp-block-buttons-is-layout-flex">
<div style="--wp--block-button--width: 100;" class="wp-block-button is-style-fill has-custom-width wp-block-button__width wp-block-button__width-100"><a class="wp-block-button__link has-large-font-size has-custom-font-size wp-element-button" href="https://www.dropbox.com/scl/fi/a4su01o7ld2hmiet433lu/Site-Agenda.docx?rlkey=7642qgdmxt29pbbonyeassavg&amp;dl=0" target="_blank" rel="noreferrer noopener">AGENDA</a></div>
</div>



<p class="wp-block-paragraph"><a href="https://www.dropbox.com/scl/fi/a4su01o7ld2hmiet433lu/Site-Agenda.docx?rlkey=7642qgdmxt29pbbonyeassavg&amp;dl=0" target="_blank" rel="noreferrer noopener">Sur votre agenda pastoral &#8230;</a></p>



<div class="wp-block-buttons is-content-justification-center is-layout-flex wp-container-core-buttons-is-layout-3e41869c wp-block-buttons-is-layout-flex"></div>



<div class="wp-block-buttons is-layout-flex wp-block-buttons-is-layout-flex">
<div style="--wp--block-button--width: 100;" class="wp-block-button is-style-fill has-custom-width wp-block-button__width wp-block-button__width-100"><a class="wp-block-button__link has-large-font-size has-custom-font-size wp-element-button" href="https://paroisses-guidel.fr/index.php/feuilles-info-hebdo/">FEUILLE INFOS HEBDO</a></div>
</div>



<p class="has-text-align-center wp-block-paragraph"><a href="https://paroisses-guidel.fr/index.php/feuilles-info-hebdo/">Consulter toutes les feuilles infos</a></p>



<div class="wp-block-buttons is-content-justification-center is-layout-flex wp-container-core-buttons-is-layout-3e41869c wp-block-buttons-is-layout-flex">
<div class="wp-block-button is-style-outline is-style-outline--1"><a class="wp-block-button__link has-primary-color has-very-light-gray-to-cyan-bluish-gray-gradient-background has-text-color has-background has-link-color wp-element-button" href="https://www.dropbox.com/scl/fi/2rcs41z7tsc7esnlolej1/2026-08-30-Annonces-ECRITES-22-me-dimanche-TO.docx?rlkey=5xukxe7m9va3tlj6o2macltgg&amp;dl=0">22ème dimanche du Temps Ordinaire<br> 30/08/2026</a></div>
</div>



<div class="wp-block-buttons is-layout-flex wp-block-buttons-is-layout-flex">
<div style="--wp--block-button--width: 100;" class="wp-block-button has-custom-width wp-block-button__width wp-block-button__width-100"><a class="wp-block-button__link has-large-font-size has-custom-font-size wp-element-button" href="https://paroisses-guidel.fr/index.php/le-carillon/">LE CARILLON</a></div>
</div>



<p class="has-text-align-center wp-block-paragraph"><a href="https://paroisses-guidel.fr/index.php/le-carillon/">Consulter les numéros précédents</a></p>



<p class="wp-block-paragraph"><a href="https://www.dropbox.com/scl/fi/ncdvow561c6ro0z653l1h/CARILLON-2026-09.pdf?rlkey=kgj0iuk4n7wrj72x1m3h9yfyk&amp;dl=0" target="_blank" rel="noopener">LE CARILLON &#8211; Septembre 2026</a></p>



<div class="wp-block-buttons is-layout-flex wp-block-buttons-is-layout-flex">
<div style="--wp--block-button--width: 100;" class="wp-block-button has-custom-width wp-block-button__width wp-block-button__width-100"><a class="wp-block-button__link has-large-font-size has-custom-font-size wp-element-button" href="https://don.diocese-vannes.fr/paroisses/~mon-don?_cv=1" target="_blank" rel="noreferrer noopener">FAIRE UN DON</a></div>
</div>



<p class="wp-block-paragraph"></p>

<p>Bienvenue ! Sur votre agenda pastoral &#8230; Consulter toutes les feuilles infos Consulter les numéros précédents LE CARILLON &#8211; Septembre 2026</p>
